{"id":18,"date":"2023-07-22T04:50:18","date_gmt":"2023-07-22T04:50:18","guid":{"rendered":"https:\/\/sdcmetalmecanica.com\/?page_id=18"},"modified":"2023-07-27T22:16:45","modified_gmt":"2023-07-27T22:16:45","slug":"maquinas-cnc","status":"publish","type":"page","link":"https:\/\/sdcmetalmecanica.com\/index.php\/maquinas-cnc\/","title":{"rendered":"MAQUINAS CNC"},"content":{"rendered":"\t\t<div data-elementor-type=\"wp-page\" data-elementor-id=\"18\" class=\"elementor elementor-18\" data-elementor-post-type=\"page\">\n\t\t\t\t\t\t\t\t\t<section class=\"elementor-section elementor-top-section elementor-element elementor-element-d7b13a5 elementor-section-boxed elementor-section-height-default elementor-section-height-default\" data-id=\"d7b13a5\" data-element_type=\"section\" data-settings=\"{&quot;background_background&quot;:&quot;gradient&quot;}\">\n\t\t\t\t\t\t<div class=\"elementor-container elementor-column-gap-default\">\n\t\t\t\t\t<div class=\"elementor-column elementor-col-100 elementor-top-column elementor-element elementor-element-fccd307\" data-id=\"fccd307\" data-element_type=\"column\">\n\t\t\t<div class=\"elementor-widget-wrap elementor-element-populated\">\n\t\t\t\t\t\t\t\t<div class=\"elementor-element elementor-element-c4132bf elementor-widget elementor-widget-spacer\" data-id=\"c4132bf\" data-element_type=\"widget\" data-widget_type=\"spacer.default\">\n\t\t\t\t<div class=\"elementor-widget-container\">\n\t\t\t<style>\/*! elementor - v3.14.0 - 26-06-2023 *\/\n.elementor-column .elementor-spacer-inner{height:var(--spacer-size)}.e-con{--container-widget-width:100%}.e-con-inner>.elementor-widget-spacer,.e-con>.elementor-widget-spacer{width:var(--container-widget-width,var(--spacer-size));--align-self:var(--container-widget-align-self,initial);--flex-shrink:0}.e-con-inner>.elementor-widget-spacer>.elementor-widget-container,.e-con-inner>.elementor-widget-spacer>.elementor-widget-container>.elementor-spacer,.e-con>.elementor-widget-spacer>.elementor-widget-container,.e-con>.elementor-widget-spacer>.elementor-widget-container>.elementor-spacer{height:100%}.e-con-inner>.elementor-widget-spacer>.elementor-widget-container>.elementor-spacer>.elementor-spacer-inner,.e-con>.elementor-widget-spacer>.elementor-widget-container>.elementor-spacer>.elementor-spacer-inner{height:var(--container-widget-height,var(--spacer-size))}<\/style>\t\t<div class=\"elementor-spacer\">\n\t\t\t<div class=\"elementor-spacer-inner\"><\/div>\n\t\t<\/div>\n\t\t\t\t<\/div>\n\t\t\t\t<\/div>\n\t\t\t\t\t<\/div>\n\t\t<\/div>\n\t\t\t\t\t\t\t<\/div>\n\t\t<\/section>\n\t\t\t\t<section class=\"elementor-section elementor-top-section elementor-element elementor-element-c5616d4 elementor-section-boxed elementor-section-height-default elementor-section-height-default\" data-id=\"c5616d4\" data-element_type=\"section\">\n\t\t\t\t\t\t<div class=\"elementor-container elementor-column-gap-default\">\n\t\t\t\t\t<div class=\"elementor-column elementor-col-100 elementor-top-column elementor-element elementor-element-58fc9ec\" data-id=\"58fc9ec\" data-element_type=\"column\">\n\t\t\t<div class=\"elementor-widget-wrap elementor-element-populated\">\n\t\t\t\t\t\t\t\t<div class=\"elementor-element elementor-element-40c8b16 elementor-widget elementor-widget-heading\" data-id=\"40c8b16\" data-element_type=\"widget\" data-widget_type=\"heading.default\">\n\t\t\t\t<div class=\"elementor-widget-container\">\n\t\t\t<style>\/*! elementor - v3.14.0 - 26-06-2023 *\/\n.elementor-heading-title{padding:0;margin:0;line-height:1}.elementor-widget-heading .elementor-heading-title[class*=elementor-size-]>a{color:inherit;font-size:inherit;line-height:inherit}.elementor-widget-heading .elementor-heading-title.elementor-size-small{font-size:15px}.elementor-widget-heading .elementor-heading-title.elementor-size-medium{font-size:19px}.elementor-widget-heading .elementor-heading-title.elementor-size-large{font-size:29px}.elementor-widget-heading .elementor-heading-title.elementor-size-xl{font-size:39px}.elementor-widget-heading .elementor-heading-title.elementor-size-xxl{font-size:59px}<\/style><h2 class=\"elementor-heading-title elementor-size-default\">\u00bfQu\u00e9 es el CNC y c\u00f3mo est\u00e1 compuesta una m\u00e1quina CNC?<\/h2>\t\t<\/div>\n\t\t\t\t<\/div>\n\t\t\t\t<div class=\"elementor-element elementor-element-1bcb6a2 elementor-widget elementor-widget-text-editor\" data-id=\"1bcb6a2\" data-element_type=\"widget\" data-widget_type=\"text-editor.default\">\n\t\t\t\t<div class=\"elementor-widget-container\">\n\t\t\t<style>\/*! elementor - v3.14.0 - 26-06-2023 *\/\n.elementor-widget-text-editor.elementor-drop-cap-view-stacked .elementor-drop-cap{background-color:#69727d;color:#fff}.elementor-widget-text-editor.elementor-drop-cap-view-framed .elementor-drop-cap{color:#69727d;border:3px solid;background-color:transparent}.elementor-widget-text-editor:not(.elementor-drop-cap-view-default) .elementor-drop-cap{margin-top:8px}.elementor-widget-text-editor:not(.elementor-drop-cap-view-default) .elementor-drop-cap-letter{width:1em;height:1em}.elementor-widget-text-editor .elementor-drop-cap{float:left;text-align:center;line-height:1;font-size:50px}.elementor-widget-text-editor .elementor-drop-cap-letter{display:inline-block}<\/style>\t\t\t\t<div class=\"wb_cont_inner\"><div id=\"wb_element_instance697\" class=\"wb_element wb_text_element\"><p class=\"wb-stl-normal\">En pocas palabras, el\u00a0control num\u00e9rico computarizado\u00a0es el\u00a0uso de una computadora para controlar y monitorear los movimientos de una m\u00e1quina herramienta. Entre esas m\u00e1quinas herramienta, tanto est\u00e1ticas como port\u00e1tiles, podemos mencionar:\u00a0<u>fresadora<\/u>,\u00a0<u>torno<\/u>,\u00a0<u>rectificadora<\/u>, m\u00e1quina de\u00a0<u>corte por l\u00e1ser<\/u>, por\u00a0<u>chorro de agua<\/u>\u00a0o por\u00a0<u>electroerosi\u00f3n<\/u>, estampadora,\u00a0<u>prensa<\/u>,\u00a0<u>brazo robotizado<\/u>, etc. Las m\u00e1quinas de gran porte cuentan con una computadora dedicada que forma parte del equipo, y la mayor\u00eda dispone de un sofisticado sistema de realimentaci\u00f3n que monitorea y ajusta constantemente la velocidad y posici\u00f3n de la herramienta de corte. Las m\u00e1quinas menos exigentes usadas en talleres admiten el uso de una computadora personal externa. El controlador CNC trabaja en conjunto con una serie de\u00a0<u>motores<\/u>\u00a0(servomotores y\/o motores paso a paso), as\u00ed como\u00a0<u>componentes de accionamiento<\/u>\u00a0para desplazar los ejes de la m\u00e1quina de manera controlada y ejecutar los movimientos programados.<\/p><\/div><\/div><div class=\"wb_cont_outer\"><div id=\"wb_element_instance656\" class=\"wb_element wb_element_shape\">\u00a0<\/div><\/div>\t\t\t\t\t\t<\/div>\n\t\t\t\t<\/div>\n\t\t\t\t<div class=\"elementor-element elementor-element-d22e5ed elementor-widget__width-initial elementor-widget elementor-widget-video\" data-id=\"d22e5ed\" data-element_type=\"widget\" data-settings=\"{&quot;video_type&quot;:&quot;hosted&quot;,&quot;autoplay&quot;:&quot;yes&quot;,&quot;mute&quot;:&quot;yes&quot;,&quot;loop&quot;:&quot;yes&quot;}\" data-widget_type=\"video.default\">\n\t\t\t\t<div class=\"elementor-widget-container\">\n\t\t\t<style>\/*! elementor - v3.14.0 - 26-06-2023 *\/\n.elementor-widget-video .elementor-widget-container{overflow:hidden;transform:translateZ(0)}.elementor-widget-video .elementor-wrapper{aspect-ratio:var(--video-aspect-ratio)}.elementor-widget-video .elementor-wrapper iframe,.elementor-widget-video .elementor-wrapper video{height:100%;width:100%;display:flex;border:none;background-color:#000}@supports not (aspect-ratio:1\/1){.elementor-widget-video .elementor-wrapper{position:relative;overflow:hidden;height:0;padding-bottom:calc(100% \/ var(--video-aspect-ratio))}.elementor-widget-video .elementor-wrapper iframe,.elementor-widget-video .elementor-wrapper video{position:absolute;top:0;right:0;bottom:0;left:0}}.elementor-widget-video .elementor-open-inline .elementor-custom-embed-image-overlay{position:absolute;top:0;left:0;width:100%;height:100%;background-size:cover;background-position:50%}.elementor-widget-video .elementor-custom-embed-image-overlay{cursor:pointer;text-align:center}.elementor-widget-video .elementor-custom-embed-image-overlay:hover .elementor-custom-embed-play i{opacity:1}.elementor-widget-video .elementor-custom-embed-image-overlay img{display:block;width:100%}.elementor-widget-video .e-hosted-video .elementor-video{-o-object-fit:cover;object-fit:cover}.e-con-inner>.elementor-widget-video,.e-con>.elementor-widget-video{width:var(--container-widget-width);--flex-grow:var(--container-widget-flex-grow)}<\/style>\t\t<div class=\"e-hosted-video elementor-wrapper elementor-open-inline\">\n\t\t\t\t\t<video class=\"elementor-video\" src=\"https:\/\/sdcmetalmecanica.com\/wp-content\/uploads\/2023\/07\/maquinas-cnc.mp4\" autoplay=\"\" loop=\"\" muted=\"muted\" controlsList=\"nodownload\"><\/video>\n\t\t\t\t<\/div>\n\t\t\t\t<\/div>\n\t\t\t\t<\/div>\n\t\t\t\t\t<\/div>\n\t\t<\/div>\n\t\t\t\t\t\t\t<\/div>\n\t\t<\/section>\n\t\t\t\t\t\t\t<\/div>\n\t\t","protected":false},"excerpt":{"rendered":"<p>\u00bfQu\u00e9 es el CNC y c\u00f3mo est\u00e1 compuesta una m\u00e1quina CNC? En pocas palabras, el\u00a0control num\u00e9rico computarizado\u00a0es el\u00a0uso de una computadora para controlar y monitorear los movimientos de una m\u00e1quina herramienta. Entre esas m\u00e1quinas herramienta, tanto est\u00e1ticas como port\u00e1tiles, podemos mencionar:\u00a0fresadora,\u00a0torno,\u00a0rectificadora, m\u00e1quina de\u00a0corte por l\u00e1ser, por\u00a0chorro de agua\u00a0o por\u00a0electroerosi\u00f3n, estampadora,\u00a0prensa,\u00a0brazo robotizado, etc. Las m\u00e1quinas de &hellip;<\/p>\n<p class=\"read-more\"> <a class=\"\" href=\"https:\/\/sdcmetalmecanica.com\/index.php\/maquinas-cnc\/\"> <span class=\"screen-reader-text\">MAQUINAS CNC<\/span> Read More &raquo;<\/a><\/p>\n","protected":false},"author":1,"featured_media":0,"parent":0,"menu_order":0,"comment_status":"closed","ping_status":"closed","template":"","meta":{"site-sidebar-layout":"no-sidebar","site-content-layout":"page-builder","ast-global-header-display":"","ast-banner-title-visibility":"","ast-main-header-display":"","ast-hfb-above-header-display":"","ast-hfb-below-header-display":"","ast-hfb-mobile-header-display":"","site-post-title":"disabled","ast-breadcrumbs-content":"","ast-featured-img":"disabled","footer-sml-layout":"","theme-transparent-header-meta":"","adv-header-id-meta":"","stick-header-meta":"","header-above-stick-meta":"","header-main-stick-meta":"","header-below-stick-meta":"","footnotes":""},"class_list":["post-18","page","type-page","status-publish","hentry"],"_links":{"self":[{"href":"https:\/\/sdcmetalmecanica.com\/index.php\/wp-json\/wp\/v2\/pages\/18","targetHints":{"allow":["GET"]}}],"collection":[{"href":"https:\/\/sdcmetalmecanica.com\/index.php\/wp-json\/wp\/v2\/pages"}],"about":[{"href":"https:\/\/sdcmetalmecanica.com\/index.php\/wp-json\/wp\/v2\/types\/page"}],"author":[{"embeddable":true,"href":"https:\/\/sdcmetalmecanica.com\/index.php\/wp-json\/wp\/v2\/users\/1"}],"replies":[{"embeddable":true,"href":"https:\/\/sdcmetalmecanica.com\/index.php\/wp-json\/wp\/v2\/comments?post=18"}],"version-history":[{"count":13,"href":"https:\/\/sdcmetalmecanica.com\/index.php\/wp-json\/wp\/v2\/pages\/18\/revisions"}],"predecessor-version":[{"id":261,"href":"https:\/\/sdcmetalmecanica.com\/index.php\/wp-json\/wp\/v2\/pages\/18\/revisions\/261"}],"wp:attachment":[{"href":"https:\/\/sdcmetalmecanica.com\/index.php\/wp-json\/wp\/v2\/media?parent=18"}],"curies":[{"name":"wp","href":"https:\/\/api.w.org\/{rel}","templated":true}]}}